3, 4*c - 5*d = 18. What are the prime factors of c?
7
Suppose v + j = 3*v - 26, 3*v - 3*j = 45. Let h(g) = -g**3 + 2*g**2 - 2*g + 1. Let u be h(1). Suppose u = 4*l - v - 17. What are the prime factors of l?
7
Suppose d + 3*d - 183 = -5*m, -3*m = 2*d - 89. Suppose 4*a - d = -0*a. List the prime factors of a.
13
Let q(v) = v**3 + 6*v**2 + 5*v + 5. Let y be q(-5). Suppose 5*s + y + 0 = 0, 3*s - 52 = -5*z. What are the prime factors of z?
11
Let o(u) = -3*u. Let c be o(-1). Let y(a) = -a**3 + 4*a**2 - 2*a. Let h be y(c). Let z(i) = 4*i - 4. List the prime factors of z(h).
2
Suppose 6*o = o + 45. Suppose 0 = -5*j + z + 3*z + o, 1 = -z. Suppose -2*c + 9 = j. What are the prime factors of c?
2
What are the prime factors of 4/(-22) + (-288)/(-11)?
2, 13
Suppose 24 = 5*x - 4*x. List the prime factors of x.
2, 3
Let i(d) = 55*d**2 - d - 1. Let u be i(-1). What are the prime factors of (12/(-20))/((-1)/u)?
3, 11
Let r(g) = g**3 - 10*g**2 - 3*g - 7. Let y be 4*-13*2/(-8). Let x(p) = -2*p**3 + 21*p**2 + 7*p + 15. Let d(u) = y*r(u) + 6*x(u). List the prime factors of d(4).
11
Let h = 0 + 8. Suppose p - 5*p + h = 0. What are the prime factors of p?
2
Let o(g) = g**3 + 4*g**2 - 2*g + 4. What are the prime factors of o(-4)?
2, 3
Suppose -2*s + 4 = -0*s. Let c(a) = 2 - a**3 - 2*a**3 + a**3 + 3*a**3 + 3*a + 5*a**s. What are the prime factors of c(-4)?
2, 3
Suppose -c - m = -74, -m - 160 = -2*c + 3*m. List the prime factors of c.
2, 19
Let c = -2 - -27. Suppose -2*w = -7*w - c. Let v = 2 - w. What are the prime factors of v?
7
Suppose -5*j + 0*j - 44 = -2*t, 5*t - 4*j = 76. Let p = 0 + t. List the prime factors of p.
2, 3
What are the prime factors of (-3)/(-12) + 127/4?
2
Suppose -4*z = 5*x - 22, -4*x = -4*z - 2*x + 8. Let y = 0 - z. What are the prime factors of (-10)/y - (-2)/(-6)?
3
Suppose 0*y = -y + 17. Suppose h = -5*d + 117 - 40, 2*d + 5*h - y = 0. What are the prime factors of d?
2
Let z = -1 - -5. Let s = 7 + z. List the prime factors of s.
11
Let t be ((2 - 0) + -1)*-1. Let n = -3 - -4. What are the prime factors of (n - 3)*t + 18?
2, 5
Suppose 0 = 10*k - 15*k + 1295. What are the prime factors of k?
7, 37
Let i(b) = 4*b**3 - 11*b + 8. What are the prime factors of i(4)?
2, 5, 11
Suppose o = j - 3*o - 78, 0 = -5*o - 20. List the prime factors of j.
2, 31
Let l be -25 + 0*(-4)/(-12). Let z = -16 - l. List the prime factors of z.
3
Let v = -27 + 75. List the prime factors of v.
2, 3
Suppose 0 = -3*u + u - 3*f - 23, 5*u + 3*f = -53. List the prime factors of (-6)/u*(2 + 23).
3, 5
Let i = -184 + 348. Suppose i = 3*d + d - y, d = -5*y + 20. What are the prime factors of d?
2, 5
Suppose -3*h = -111 - 54. What are the prime factors of h?
5, 11
Let b = 1 - 1. Let g be (-2 + 5)/3*b. Suppose g = u - 3 - 8. What are the prime factors of u?
11
Let y(h) = 4 + 6 + 0*h - 6*h + h**2 + 0*h. List the prime factors of y(4).
2
Suppose -w - 12 = -5*w. Suppose 0 = -2*q + 3*b + 88, q - 7 = -w*b + 19. Suppose 4*g - 2*g - q = 0. List the prime factors of g.
19
Let z = 2 + 1. Suppose z*u + 36 = 5*u. List the prime factors of u.
2, 3
Let v(z) be the third derivative of 19*z**5/60 + z**3/6 - 5*z**2. What are the prime factors of v(-1)?
2, 5
Suppose 3 = 3*d - 6. Let y = 0 + d. What are the prime factors of y?
3
Let f be (-2)/6 - (-8)/(-3). Let c be (-1 - -4)*(-4)/f. Suppose 3*g = -8*z + c*z + 34, 2*g = 2*z + 18. List the prime factors of g.
2, 5
Let s(r) = r - 4. Let c be s(5). What are the prime factors of 1/(1*c/7)?
7
Suppose 64 = -2*v + 3*v. What are the prime factors of v?
2
Let m(b) = b. Let y be m(-5). Let g be ((-2)/4)/((-2)/(-52)). Let h = y - g. List the prime factors of h.
2
Let u(c) = 3 + 1 + 3*c + c**3 - 8*c**2 + 6*c. Let n be u(7). Let l = -10 + n. What are the prime factors of l?
2
Let g(j) = -j**2 - 6*j + 7. Let f be g(-7). Suppose 4*n - 8 + f = 0. Suppose n*o - o - 11 = 0. List the prime factors of o.
11
Suppose 3*i = -4*v + 833, -3*i = 2*v - 5*v + 630. What are the prime factors of v?
11, 19
Suppose -2*y + 29 + 3 = 5*b, 5*b - 31 = -y. Suppose -5*g = 4*u + b, -5*u + 13 = -g - 3*g. Let k(q) = 12*q**2 - q + 1. List the prime factors of k(u).
2, 3
Suppose -12 = -2*z + 6*z + o, 0 = 2*o. Let x = 7 + z. Suppose 12 = x*l - 0*l. List the prime factors of l.
3
Let d(z) = -55*z**2 + 1. Let v be d(-1). List the prime factors of 10/(-15)*v/4.
3
Let g be 4/(-6) + 42/9. Suppose 3*z - 56 = 5*v, 0 = z + 4*z + 2*v - 83. Suppose y = -0*y + g*b + 26, -b - z = -y. What are the prime factors of y?
2, 7
Let t(x) = -7*x**2 - 1 + 7*x**3 + 7*x**2 + 6*x**3. Suppose -10 = 2*u + 4*s, -6*u = -u + 3*s + 4. List the prime factors of t(u).
2, 3
List the prime factors of (-1 + 4)*(-16 - -17).
3
Let c(n) = n**3 - n**2. Let b(x) = -4*x**3 - 4*x**2 + 2*x - 10. Let v(s) = -b(s) - 3*c(s). What are the prime factors of v(-7)?
2, 3
Let n(z) = -11*z**3 - z**2. Let a(y) = -y**2 - 5*y - 1. Let c be a(-5). What are the prime factors of n(c)?
2, 5
Suppose 4*u + 5*z - 7 = 0, -z - 17 = -3*u - 7. Suppose 16 = 3*v + 2*q, -4*q = -4*v - u*q + 14. List the prime factors of v.
2
Suppose 6*u - 5 = u. What are the prime factors of u - (-2 + 1 - 1)?
3
Suppose -70 = t - 0*t. Let g = 115 + t. List the prime factors of g.
3, 5
Suppose 0 = i - 5*p - 74, 0 = i - 2*p - 57 - 5. What are the prime factors of i/7 - 4/(-14)?
2
Suppose 4*n + 3 = -0*h + 3*h, 0 = 2*h - 2. Suppose 2*j + 5*c - 36 = n, 2*c - 28 = -5*j + 20. Let s = 22 - j. List the prime factors of s.
2, 7
Suppose -s = -3*r + 2*s + 24, 3*r - 39 = -2*s. Let f = -9 + r. Suppose f*q - 12 = q. What are the prime factors of q?
2, 3
Let b(d) = 7*d**2 + 6*d - 4. Let k(w) = -20*w**2 - 18*w + 11. Let r(s) = -17*b(s) - 6*k(s). What are the prime factors of r(-6)?
2
Suppose -5*z = 5*d, -4*d = -z + d + 30. Let u = -1 + z. Suppose u*q - 36 = 4*r, -q - 2*q - 3*r = -21. List the prime factors of q.
2
Let g(o) = 16*o**3 - 2*o**2 + 2*o - 1. Suppose 0 = r - 0 - 1. Let k be g(r). Let p = 24 - k. What are the prime factors of p?
3
Suppose -m + 15 = 2*m. Suppose 10*l + 5 = m*l. List the prime factors of l/(-3) + 28/6.
5
Let j = 6 - 3. Let r = 13 + j. What are the prime factors of r?
2
What are the prime factors of (70 - 32) + -1 + -3?
2, 17
Let j = 8 + -4. Suppose 0 = 5*s + 1 - 6, j*s = -2*g + 22. What are the prime factors of g?
3
Let g(t) = 2*t**3 - 5*t**2 - 3*t - 2. List the prime factors of g(4).
2, 17
Suppose -z = 3*z - 32. What are the prime factors of (-6)/(-4)*z/3?
2
Let n = 16 + -8. List the prime factors of n.
2
What are the prime factors of -67*(0 + 1)*(0 + -1)?
67
Suppose 0 = l + 4 - 1. Let c = 13 + l. List the prime factors of c.
2, 5
List the prime factors of 42 + (2 - -2) + -4.
2, 3, 7
Suppose -5*n - 8 - 17 = 0, -217 = -x - n. List the prime factors of x.
2, 3, 37
Let m = 220 + -130. List the prime factors of m.
2, 3, 5
Let y = 5 + 23. List the prime factors of y.
2, 7
Let s = -8 + 22. Suppose -2 = h - s. What are the prime factors of h?
2, 3
What are the prime factors of 6*(4/(-4) - -3)?
2, 3
Let b = -406 + 767. List the prime factors of b.
19
Suppose -2*k = 5*d - 245, 3*d + 123 = k + 6*d. List the prime factors of k.
2, 3, 5
Suppose p + 2 = -m, -4 - 4 = 2*p. Suppose 0 = -r - m*r - 4*l + 112, 0 = 3*r + 2*l - 110. Suppose v - r = -3*v. List the prime factors of v.
3
Let j(f) = -f**3 - 5*f**2 + 4*f + 3. Let t be j(-6). Let p be ((-2)/(-5))/(-1)*-10. Suppose c + t = p*c. What are the prime factors of c?
5
Suppose 5*w - v - 378 = -4*v, 3*v = -3*w + 228. What are the prime factors of w?
3, 5
Suppose 64 = 3*z - z. List the prime factors of z.
2
Let y(j) be the second derivative of -j**4/12 - 5*j**3/6 + 3*j**2 + 2*j. Let t be y(-8). List the prime factors of (-8)/(-3) + (-6)/t.
3
Suppose -4*o + f + 7 - 1 = 0, 3*o + 4 = 5*f. Suppose -o*w + 15 = w. Suppose -4*d + 0*j = 2*j - 46, -w*d = 4*j - 56. What are the prime factors of d?
2, 3
Suppose 5*g + k = g + 226, -5*g + 272 = -4*k. List the prime factors of g.
2, 7
Suppose 0 = -4*w + 83 + 205. List the prime factors of w.
2, 3
Suppose 0 = i - 3*n - 121, -2*i + 3*n - 4*n = -207. Suppose i = 5*u - 44. What are the prime factors of u?
2, 3, 5
Let f be 2/(-4)*22 - -1. Let q = -7 - f. Let p = 1 + q. List the prime factors of p.
2
Let u = 16 + -13. Suppose -u*s - 140 = -8*s. What are the prime factors of s?
2, 7
Suppose 0*y = -4*y - 12, 